{"id":6097,"date":"2025-01-23T11:11:32","date_gmt":"2025-01-23T11:11:32","guid":{"rendered":"https:\/\/cangich.com\/?page_id=6097"},"modified":"2025-02-12T14:03:56","modified_gmt":"2025-02-12T14:03:56","slug":"gracias","status":"publish","type":"page","link":"https:\/\/cangich.com\/es\/gracias\/","title":{"rendered":"Gracias"},"content":{"rendered":"\n<h1>\n\t\tCan Gich, o com fer la conversi\u00f3 de l&#8217;UCI d&#8217;un hospital a la vida rural\n\t<\/h1>\n\t<p>Transmetre el que un pot sentir quan decideix trencar amb la seva zona de confort per emprendre un nou projecte personal \/ professional \u00e9s complex, b\u00e0sicament, perqu\u00e8 la multitud de sensacions i sentiments que a un l&#8217;envaeixen \u00e9s for\u00e7a divers.<\/p>\n\t\t\t\t<img loading=\"lazy\" decoding=\"async\" src=\"https:\/\/cangich.com\/wp-content\/uploads\/2019\/02\/Family-Can-Gich.png\" alt=\"Filosofia Can Gich Casa Rural Girona Lloguer\" itemprop=\"image\" height=\"769\" width=\"1024\" title=\"Filosofia Can Gich Casa Rural Girona Lloguer\" onerror=\"this.style.display='none'\"  \/>\n\t<p>Primer comen\u00e7a el sentiment de la impossibilitat. Frases com les de, no trobarem una masia que ens convenci, s\u00f3n molts diners, o a les nenes les traurem del seu entorn s\u00f3n, veient-ho en perspectiva, les pr\u00f2pies pedres que un mateix es posa en el cam\u00ed d&#8217;aquest projecte. Despr\u00e9s segueix el cansament, de que sembla que un cop assimiles que el final est\u00e0 molt m\u00e9s a prop del que t&#8217;imaginaves res \u00e9s senzill. A la fi, suposem arribar\u00e0 el sentiment de plenitud, aquell que es basa en la satisfacci\u00f3 per haver aconseguit poder construir un cam\u00ed inimaginable fa nom\u00e9s un parell de mesos que no acaba, sin\u00f3 que es transcorri. I aquest \u00e9s el que volem gaudir amb tots vosaltres.<\/p>\n<p>&nbsp;<\/p>\n<p>En el cam\u00ed que portem, res d&#8217;aix\u00f2 seria possible sense, per una banda, la necessitat de comptar amb un company de viatge que complementi la valentia amb les pors, la inconsci\u00e8ncia amb la determinaci\u00f3 i la seguretat amb la imaginaci\u00f3, i d&#8217;altra, imaginar-te com ser\u00e0 la teva vida un cop tot estigui m\u00e9s o menys encarrilat. B\u00e0sicament, \u00e9s intentar visualitzar el resultat per no entrar en defalliment.<\/p>\n<h2>\n\t\tDes d&#8217;aqu\u00ed, el nostre m\u00e9s profund agra\u00efment a totes les persones que ens han ajudat en aquest projecte i que en contra del que marquen les costums per no deixar-nos a ning\u00fa, enumerarem, perqu\u00e8 de ben segur ells tamb\u00e9 ens ho agrairan\n\t<\/h2>\n\t<p>Sin ti y sin tu valent\u00eda por emprender e inventar una nueva vida nada de esto ser\u00eda posible. Eres un ejemplo a seguir para nuestras hijas, y si, \u00e9sto que estamos haciendo tambi\u00e9n les formar\u00e1. Admiraci\u00f3n por decidir romper con tu zona de confort y empujar con todas tus fuerzas para que este proyecto salga adelante. Por tu generosidad por compartir aquello que desgraciadamente te vino, y encima excesivamente pronto. Juntos, ya sabes, podemos y podremos. Eso si, deja un poco elquad&#8230; Laura, va por ti!, te quiero.<\/p>\n<p>&nbsp;<\/p>\n<p>Gr\u00e0cies al recolzament dels nostres amics per les incomptables hores d&#8217;escolta i ajuda, als Rigalt, als Pla, als Orteu, als Prats, als Monfort, als Flaqu\u00e9&#8230;.<\/p>\n<p>&nbsp;<\/p>\n<p>Gr\u00e0cies Carbajo, dejaste la entrada que parec\u00eda un huerto!<\/p>\n<p>&nbsp;<\/p>\n<p>Gr\u00e0cies Ana, paranormal \u00e9s la dedicaci\u00f3 amb la que fas les coses.<\/p>\n<p>&nbsp;<\/p>\n<p>Gr\u00e0cies per la confian\u00e7a i la paci\u00e8ncia Ra\u00fal, has fet molt m\u00e9s que d&#8217;un director de banc.<\/p>\n<p>&nbsp;<\/p>\n<p>Gr\u00e0cies Jaume per la teva professionalitat i els teus consells. Visca lo Pallars!!<\/p>\n<p>&nbsp;<\/p>\n<p>Gr\u00e0cies a Moncan per cedir-nos la seva joia. Baleta, ja ets una calavera m\u00e9s. Esperem estar a l&#8217;al\u00e7ada.<\/p>\n<p>&nbsp;<\/p>\n<p>Gr\u00e0cies a l&#8217;Ajuntament de Celr\u00e0 i als seus professionals per fer-ho sempre f\u00e0cil.<\/p>\n<p>&nbsp;<\/p>\n<p>Gr\u00e0cies Joan per \u00abenvejar-nos\u00bb i per fer que la palanca del quad vagi m\u00e9s suau.<\/p>\n<p>&nbsp;<\/p>\n<p>Gr\u00e0cies a totes les persones que amb les seves mans fan i faran possible Can Gich. Gr\u00e0cies Pere i Dani, encara que aix\u00f2 no estigui comptat&#8230; Gr\u00e0cies Ribas, per la teva proximitat, encara que ens costi trobar la fuita d&#8217;aigua i Gr\u00e0cies Llu\u00eds, pel teu amor a la teva professi\u00f3 i al teu humor. Gr\u00e0cies Miriam, per la paci\u00e8ncia i la professionalitat. Un plaer i agra\u00efts que participeu en el nostre projecte.<\/p>\n<p>&nbsp;<\/p>\n<p>Menci\u00f3 especial, amb molta estima i gratitud, pel vostre recolzament incondicional, per gaudir amb nosaltres com a fam\u00edlia nostra que sou, per cuidar dels nostres tresors i per tenir sempre un plat a taula. Gr\u00e0cies Cutx\u00e0s!! M&#8217;entens que te vull dir, no?<\/p>\n<p>I per \u00faltim vagi aquest projecte personal per les persones que ja no hi son, per\u00f2 que sempre estaran. Orgullosos i emocionats sempre de portar-vos al cor. No sabeu fins a quin punt aquest projecte tamb\u00e9 \u00e9s vostre. Mai us oblidem.<\/p>\n<h2>\n\t\tGr\u00e0cies a tots i benvinguts a Can Gich, un espai fet amb molta il\u00b7lusi\u00f3, algun caler\u00f3 i amb extra dosi de felicitat i estima.\n\t<\/h2>\n\n","protected":false},"excerpt":{"rendered":"<p>Can Gich, o com fer la conversi\u00f3 de l&#8217;UCI d&#8217;un hospital a la vida rural Transmetre el que un pot sentir quan decideix trencar amb la seva zona de confort per emprendre un nou projecte personal \/ professional \u00e9s complex, &hellip; <a href=\"https:\/\/cangich.com\/es\/gracias\/\">Read More<\/a><\/p>\n","protected":false},"author":1,"featured_media":0,"parent":0,"menu_order":0,"comment_status":"closed","ping_status":"closed","template":"template-page-builder-no-header-footer.php","meta":{"_monsterinsights_skip_tracking":false,"_monsterinsights_sitenote_active":false,"_monsterinsights_sitenote_note":"","_monsterinsights_sitenote_category":0,"footnotes":""},"class_list":["post-6097","page","type-page","status-publish","hentry"],"yoast_head":"<!-- This site is optimized with the Yoast SEO plugin v27.3 - https:\/\/yoast.com\/product\/yoast-seo-wordpress\/ -->\n<title>Gracias - Can Gich<\/title>\n<meta name=\"description\" content=\"Gracias de parte de toda la familia de Can Gich. Es un sue\u00f1o hecho realidad que podamos compartir este espacio y disfrutar de la naturaleza y el ciclismo.\" \/>\n<meta name=\"robots\" content=\"index, follow, max-snippet:-1, max-image-preview:large, max-video-preview:-1\" \/>\n<link rel=\"canonical\" href=\"https:\/\/cangich.com\/es\/gracias\/\" \/>\n<meta property=\"og:locale\" content=\"es_ES\" \/>\n<meta property=\"og:type\" content=\"article\" \/>\n<meta property=\"og:title\" content=\"Gracias - Can Gich\" \/>\n<meta property=\"og:description\" content=\"Gracias de parte de toda la familia de Can Gich. Es un sue\u00f1o hecho realidad que podamos compartir este espacio y disfrutar de la naturaleza y el ciclismo.\" \/>\n<meta property=\"og:url\" content=\"https:\/\/cangich.com\/es\/gracias\/\" \/>\n<meta property=\"og:site_name\" content=\"Can Gich\" \/>\n<meta property=\"article:modified_time\" content=\"2025-02-12T14:03:56+00:00\" \/>\n<meta property=\"og:image\" content=\"https:\/\/cangich.com\/wp-content\/uploads\/2019\/02\/Family-Can-Gich.png\" \/>\n<meta name=\"twitter:card\" content=\"summary_large_image\" \/>\n<meta name=\"twitter:label1\" content=\"Tiempo de lectura\" \/>\n\t<meta name=\"twitter:data1\" content=\"4 minutos\" \/>\n<script type=\"application\/ld+json\" class=\"yoast-schema-graph\">{\"@context\":\"https:\\\/\\\/schema.org\",\"@graph\":[{\"@type\":\"WebPage\",\"@id\":\"https:\\\/\\\/cangich.com\\\/es\\\/gracias\\\/\",\"url\":\"https:\\\/\\\/cangich.com\\\/es\\\/gracias\\\/\",\"name\":\"Gracias - Can Gich\",\"isPartOf\":{\"@id\":\"https:\\\/\\\/cangich.com\\\/es\\\/#website\"},\"primaryImageOfPage\":{\"@id\":\"https:\\\/\\\/cangich.com\\\/es\\\/gracias\\\/#primaryimage\"},\"image\":{\"@id\":\"https:\\\/\\\/cangich.com\\\/es\\\/gracias\\\/#primaryimage\"},\"thumbnailUrl\":\"https:\\\/\\\/cangich.com\\\/wp-content\\\/uploads\\\/2019\\\/02\\\/Family-Can-Gich.png\",\"datePublished\":\"2025-01-23T11:11:32+00:00\",\"dateModified\":\"2025-02-12T14:03:56+00:00\",\"description\":\"Gracias de parte de toda la familia de Can Gich. Es un sue\u00f1o hecho realidad que podamos compartir este espacio y disfrutar de la naturaleza y el ciclismo.\",\"breadcrumb\":{\"@id\":\"https:\\\/\\\/cangich.com\\\/es\\\/gracias\\\/#breadcrumb\"},\"inLanguage\":\"es\",\"potentialAction\":[{\"@type\":\"ReadAction\",\"target\":[\"https:\\\/\\\/cangich.com\\\/es\\\/gracias\\\/\"]}]},{\"@type\":\"ImageObject\",\"inLanguage\":\"es\",\"@id\":\"https:\\\/\\\/cangich.com\\\/es\\\/gracias\\\/#primaryimage\",\"url\":\"https:\\\/\\\/cangich.com\\\/wp-content\\\/uploads\\\/2019\\\/02\\\/Family-Can-Gich.png\",\"contentUrl\":\"https:\\\/\\\/cangich.com\\\/wp-content\\\/uploads\\\/2019\\\/02\\\/Family-Can-Gich.png\"},{\"@type\":\"BreadcrumbList\",\"@id\":\"https:\\\/\\\/cangich.com\\\/es\\\/gracias\\\/#breadcrumb\",\"itemListElement\":[{\"@type\":\"ListItem\",\"position\":1,\"name\":\"Portada\",\"item\":\"https:\\\/\\\/cangich.com\\\/es\\\/\"},{\"@type\":\"ListItem\",\"position\":2,\"name\":\"Gracias\"}]},{\"@type\":\"WebSite\",\"@id\":\"https:\\\/\\\/cangich.com\\\/es\\\/#website\",\"url\":\"https:\\\/\\\/cangich.com\\\/es\\\/\",\"name\":\"Can Gich\",\"description\":\"Cicloturisme i natura\",\"potentialAction\":[{\"@type\":\"SearchAction\",\"target\":{\"@type\":\"EntryPoint\",\"urlTemplate\":\"https:\\\/\\\/cangich.com\\\/es\\\/?s={search_term_string}\"},\"query-input\":{\"@type\":\"PropertyValueSpecification\",\"valueRequired\":true,\"valueName\":\"search_term_string\"}}],\"inLanguage\":\"es\"}]}<\/script>\n<!-- \/ Yoast SEO plugin. -->","yoast_head_json":{"title":"Gracias - Can Gich","description":"Gracias de parte de toda la familia de Can Gich. Es un sue\u00f1o hecho realidad que podamos compartir este espacio y disfrutar de la naturaleza y el ciclismo.","robots":{"index":"index","follow":"follow","max-snippet":"max-snippet:-1","max-image-preview":"max-image-preview:large","max-video-preview":"max-video-preview:-1"},"canonical":"https:\/\/cangich.com\/es\/gracias\/","og_locale":"es_ES","og_type":"article","og_title":"Gracias - Can Gich","og_description":"Gracias de parte de toda la familia de Can Gich. Es un sue\u00f1o hecho realidad que podamos compartir este espacio y disfrutar de la naturaleza y el ciclismo.","og_url":"https:\/\/cangich.com\/es\/gracias\/","og_site_name":"Can Gich","article_modified_time":"2025-02-12T14:03:56+00:00","og_image":[{"url":"https:\/\/cangich.com\/wp-content\/uploads\/2019\/02\/Family-Can-Gich.png","type":"","width":"","height":""}],"twitter_card":"summary_large_image","twitter_misc":{"Tiempo de lectura":"4 minutos"},"schema":{"@context":"https:\/\/schema.org","@graph":[{"@type":"WebPage","@id":"https:\/\/cangich.com\/es\/gracias\/","url":"https:\/\/cangich.com\/es\/gracias\/","name":"Gracias - Can Gich","isPartOf":{"@id":"https:\/\/cangich.com\/es\/#website"},"primaryImageOfPage":{"@id":"https:\/\/cangich.com\/es\/gracias\/#primaryimage"},"image":{"@id":"https:\/\/cangich.com\/es\/gracias\/#primaryimage"},"thumbnailUrl":"https:\/\/cangich.com\/wp-content\/uploads\/2019\/02\/Family-Can-Gich.png","datePublished":"2025-01-23T11:11:32+00:00","dateModified":"2025-02-12T14:03:56+00:00","description":"Gracias de parte de toda la familia de Can Gich. Es un sue\u00f1o hecho realidad que podamos compartir este espacio y disfrutar de la naturaleza y el ciclismo.","breadcrumb":{"@id":"https:\/\/cangich.com\/es\/gracias\/#breadcrumb"},"inLanguage":"es","potentialAction":[{"@type":"ReadAction","target":["https:\/\/cangich.com\/es\/gracias\/"]}]},{"@type":"ImageObject","inLanguage":"es","@id":"https:\/\/cangich.com\/es\/gracias\/#primaryimage","url":"https:\/\/cangich.com\/wp-content\/uploads\/2019\/02\/Family-Can-Gich.png","contentUrl":"https:\/\/cangich.com\/wp-content\/uploads\/2019\/02\/Family-Can-Gich.png"},{"@type":"BreadcrumbList","@id":"https:\/\/cangich.com\/es\/gracias\/#breadcrumb","itemListElement":[{"@type":"ListItem","position":1,"name":"Portada","item":"https:\/\/cangich.com\/es\/"},{"@type":"ListItem","position":2,"name":"Gracias"}]},{"@type":"WebSite","@id":"https:\/\/cangich.com\/es\/#website","url":"https:\/\/cangich.com\/es\/","name":"Can Gich","description":"Cicloturisme i natura","potentialAction":[{"@type":"SearchAction","target":{"@type":"EntryPoint","urlTemplate":"https:\/\/cangich.com\/es\/?s={search_term_string}"},"query-input":{"@type":"PropertyValueSpecification","valueRequired":true,"valueName":"search_term_string"}}],"inLanguage":"es"}]}},"_links":{"self":[{"href":"https:\/\/cangich.com\/es\/wp-json\/wp\/v2\/pages\/6097","targetHints":{"allow":["GET"]}}],"collection":[{"href":"https:\/\/cangich.com\/es\/wp-json\/wp\/v2\/pages"}],"about":[{"href":"https:\/\/cangich.com\/es\/wp-json\/wp\/v2\/types\/page"}],"author":[{"embeddable":true,"href":"https:\/\/cangich.com\/es\/wp-json\/wp\/v2\/users\/1"}],"replies":[{"embeddable":true,"href":"https:\/\/cangich.com\/es\/wp-json\/wp\/v2\/comments?post=6097"}],"version-history":[{"count":1,"href":"https:\/\/cangich.com\/es\/wp-json\/wp\/v2\/pages\/6097\/revisions"}],"predecessor-version":[{"id":6100,"href":"https:\/\/cangich.com\/es\/wp-json\/wp\/v2\/pages\/6097\/revisions\/6100"}],"wp:attachment":[{"href":"https:\/\/cangich.com\/es\/wp-json\/wp\/v2\/media?parent=6097"}],"curies":[{"name":"wp","href":"https:\/\/api.w.org\/{rel}","templated":true}]}}

<h1>
		Can Gich, o com fer la conversió de l&#8217;UCI d&#8217;un hospital a la vida rural
	</h1>
	<p>Transmetre el que un pot sentir quan decideix trencar amb la seva zona de confort per emprendre un nou projecte personal / professional és complex, bàsicament, perquè la multitud de sensacions i sentiments que a un l&#8217;envaeixen és força divers.</p>
				<img loading="lazy" decoding="async" src="https://cangich.com/wp-content/uploads/2019/02/Family-Can-Gich.png" alt="Filosofia Can Gich Casa Rural Girona Lloguer" itemprop="image" height="769" width="1024" title="Filosofia Can Gich Casa Rural Girona Lloguer" onerror="this.style.display='none'"  />
	<p>Primer comença el sentiment de la impossibilitat. Frases com les de, no trobarem una masia que ens convenci, són molts diners, o a les nenes les traurem del seu entorn són, veient-ho en perspectiva, les pròpies pedres que un mateix es posa en el camí d&#8217;aquest projecte. Després segueix el cansament, de que sembla que un cop assimiles que el final està molt més a prop del que t&#8217;imaginaves res és senzill. A la fi, suposem arribarà el sentiment de plenitud, aquell que es basa en la satisfacció per haver aconseguit poder construir un camí inimaginable fa només un parell de mesos que no acaba, sinó que es transcorri. I aquest és el que volem gaudir amb tots vosaltres.</p>
<p>&nbsp;</p>
<p>En el camí que portem, res d&#8217;això seria possible sense, per una banda, la necessitat de comptar amb un company de viatge que complementi la valentia amb les pors, la inconsciència amb la determinació i la seguretat amb la imaginació, i d&#8217;altra, imaginar-te com serà la teva vida un cop tot estigui més o menys encarrilat. Bàsicament, és intentar visualitzar el resultat per no entrar en defalliment.</p>
<h2>
		Des d&#8217;aquí, el nostre més profund agraïment a totes les persones que ens han ajudat en aquest projecte i que en contra del que marquen les costums per no deixar-nos a ningú, enumerarem, perquè de ben segur ells també ens ho agrairan
	</h2>
	<p>Sin ti y sin tu valentía por emprender e inventar una nueva vida nada de esto sería posible. Eres un ejemplo a seguir para nuestras hijas, y si, ésto que estamos haciendo también les formará. Admiración por decidir romper con tu zona de confort y empujar con todas tus fuerzas para que este proyecto salga adelante. Por tu generosidad por compartir aquello que desgraciadamente te vino, y encima excesivamente pronto. Juntos, ya sabes, podemos y podremos. Eso si, deja un poco elquad&#8230; Laura, va por ti!, te quiero.</p>
<p>&nbsp;</p>
<p>Gràcies al recolzament dels nostres amics per les incomptables hores d&#8217;escolta i ajuda, als Rigalt, als Pla, als Orteu, als Prats, als Monfort, als Flaqué&#8230;.</p>
<p>&nbsp;</p>
<p>Gràcies Carbajo, dejaste la entrada que parecía un huerto!</p>
<p>&nbsp;</p>
<p>Gràcies Ana, paranormal és la dedicació amb la que fas les coses.</p>
<p>&nbsp;</p>
<p>Gràcies per la confiança i la paciència Raúl, has fet molt més que d&#8217;un director de banc.</p>
<p>&nbsp;</p>
<p>Gràcies Jaume per la teva professionalitat i els teus consells. Visca lo Pallars!!</p>
<p>&nbsp;</p>
<p>Gràcies a Moncan per cedir-nos la seva joia. Baleta, ja ets una calavera més. Esperem estar a l&#8217;alçada.</p>
<p>&nbsp;</p>
<p>Gràcies a l&#8217;Ajuntament de Celrà i als seus professionals per fer-ho sempre fàcil.</p>
<p>&nbsp;</p>
<p>Gràcies Joan per «envejar-nos» i per fer que la palanca del quad vagi més suau.</p>
<p>&nbsp;</p>
<p>Gràcies a totes les persones que amb les seves mans fan i faran possible Can Gich. Gràcies Pere i Dani, encara que això no estigui comptat&#8230; Gràcies Ribas, per la teva proximitat, encara que ens costi trobar la fuita d&#8217;aigua i Gràcies Lluís, pel teu amor a la teva professió i al teu humor. Gràcies Miriam, per la paciència i la professionalitat. Un plaer i agraïts que participeu en el nostre projecte.</p>
<p>&nbsp;</p>
<p>Menció especial, amb molta estima i gratitud, pel vostre recolzament incondicional, per gaudir amb nosaltres com a família nostra que sou, per cuidar dels nostres tresors i per tenir sempre un plat a taula. Gràcies Cutxàs!! M&#8217;entens que te vull dir, no?</p>
<p>I per últim vagi aquest projecte personal per les persones que ja no hi son, però que sempre estaran. Orgullosos i emocionats sempre de portar-vos al cor. No sabeu fins a quin punt aquest projecte també és vostre. Mai us oblidem.</p>
<h2>
		Gràcies a tots i benvinguts a Can Gich, un espai fet amb molta il·lusió, algun caleró i amb extra dosi de felicitat i estima.
	</h2>

<p>Can Gich, o com fer la conversió de l&#8217;UCI d&#8217;un hospital a la vida rural Transmetre el que un pot sentir quan decideix trencar amb la seva zona de confort per emprendre un nou projecte personal / professional és complex, &hellip; <a href="https://cangich.com/es/gracias/">Read More</a></p>

<!-- This site is optimized with the Yoast SEO plugin v27.3 - https://yoast.com/product/yoast-seo-wordpress/ -->
<title>Gracias - Can Gich</title>
<meta name="description" content="Gracias de parte de toda la familia de Can Gich. Es un sueño hecho realidad que podamos compartir este espacio y disfrutar de la naturaleza y el ciclismo." />
<meta name="robots" content="index, follow, max-snippet:-1, max-image-preview:large, max-video-preview:-1" />
<link rel="canonical" href="https://cangich.com/es/gracias/" />
<meta property="og:locale" content="es_ES" />
<meta property="og:type" content="article" />
<meta property="og:title" content="Gracias - Can Gich" />
<meta property="og:description" content="Gracias de parte de toda la familia de Can Gich. Es un sueño hecho realidad que podamos compartir este espacio y disfrutar de la naturaleza y el ciclismo." />
<meta property="og:url" content="https://cangich.com/es/gracias/" />
<meta property="og:site_name" content="Can Gich" />
<meta property="article:modified_time" content="2025-02-12T14:03:56+00:00" />
<meta property="og:image" content="https://cangich.com/wp-content/uploads/2019/02/Family-Can-Gich.png" />
<meta name="twitter:card" content="summary_large_image" />
<meta name="twitter:label1" content="Tiempo de lectura" />
	<meta name="twitter:data1" content="4 minutos" />
<script type="application/ld+json" class="yoast-schema-graph">{"@context":"https:\/\/schema.org","@graph":[{"@type":"WebPage","@id":"https:\/\/cangich.com\/es\/gracias\/","url":"https:\/\/cangich.com\/es\/gracias\/","name":"Gracias - Can Gich","isPartOf":{"@id":"https:\/\/cangich.com\/es\/#website"},"primaryImageOfPage":{"@id":"https:\/\/cangich.com\/es\/gracias\/#primaryimage"},"image":{"@id":"https:\/\/cangich.com\/es\/gracias\/#primaryimage"},"thumbnailUrl":"https:\/\/cangich.com\/wp-content\/uploads\/2019\/02\/Family-Can-Gich.png","datePublished":"2025-01-23T11:11:32+00:00","dateModified":"2025-02-12T14:03:56+00:00","description":"Gracias de parte de toda la familia de Can Gich. Es un sueño hecho realidad que podamos compartir este espacio y disfrutar de la naturaleza y el ciclismo.","breadcrumb":{"@id":"https:\/\/cangich.com\/es\/gracias\/#breadcrumb"},"inLanguage":"es","potentialAction":[{"@type":"ReadAction","target":["https:\/\/cangich.com\/es\/gracias\/"]}]},{"@type":"ImageObject","inLanguage":"es","@id":"https:\/\/cangich.com\/es\/gracias\/#primaryimage","url":"https:\/\/cangich.com\/wp-content\/uploads\/2019\/02\/Family-Can-Gich.png","contentUrl":"https:\/\/cangich.com\/wp-content\/uploads\/2019\/02\/Family-Can-Gich.png"},{"@type":"BreadcrumbList","@id":"https:\/\/cangich.com\/es\/gracias\/#breadcrumb","itemListElement":[{"@type":"ListItem","position":1,"name":"Portada","item":"https:\/\/cangich.com\/es\/"},{"@type":"ListItem","position":2,"name":"Gracias"}]},{"@type":"WebSite","@id":"https:\/\/cangich.com\/es\/#website","url":"https:\/\/cangich.com\/es\/","name":"Can Gich","description":"Cicloturisme i natura","potentialAction":[{"@type":"SearchAction","target":{"@type":"EntryPoint","urlTemplate":"https:\/\/cangich.com\/es\/?s={search_term_string}"},"query-input":{"@type":"PropertyValueSpecification","valueRequired":true,"valueName":"search_term_string"}}],"inLanguage":"es"}]}</script>
<!-- / Yoast SEO plugin. -->

Gracias de parte de toda la familia de Can Gich. Es un sueño hecho realidad que podamos compartir este espacio y disfrutar de la naturaleza y el ciclismo.
